{"id":2,"date":"2012-10-01T19:21:51","date_gmt":"2012-10-01T19:21:51","guid":{"rendered":"http:\/\/guanabara.org.br\/?page_id=2"},"modified":"2020-02-17T18:50:53","modified_gmt":"2020-02-17T21:50:53","slug":"ceg-2","status":"publish","type":"page","link":"https:\/\/guanabara.org.br\/index.php\/ceg-2\/","title":{"rendered":"O Clube"},"content":{"rendered":"<p><strong>O Guanabara<\/strong><\/p>\n<p>O Centro Excursionista Guanabara \u00e9 uma associa\u00e7\u00e3o civil sem fins lucrativos, que visa o desenvolvimento humano e o aprimoramento da consci\u00eancia ecol\u00f3gica atrav\u00e9s do contato com a natureza e pela pr\u00e1tica do montanhismo.<\/p>\n<p>Toda quinta-feira re\u00fanem-se advogados, contadores, engenheiros, estudantes, professores, fot\u00f3grafos e mais um sem n\u00famero de pessoas com o objetivo de escalar e caminhar, ligadas simplesmente por seu amor a natureza.<\/p>\n<p>S\u00e3o nas reuni\u00f5es semanais em nossa sede que combinamos as excurs\u00f5es do fim de semana, que podem ser desde uma caminhada na floresta da Tijuca a uma escalada no P\u00e3o de A\u00e7\u00facar ou um simples churrasco de confraterniza\u00e7\u00e3o. Al\u00e9m disso realizamos periodicamente uma s\u00e9rie de cursos, palestras apresenta\u00e7\u00f5es e comemora\u00e7\u00f5es em nossos encontros.<\/p>\n<p>O clube mant\u00e9m tamb\u00e9m \u00e0 disposi\u00e7\u00e3o de seus associados uma biblioteca e uma videoteca de conte\u00fado diretamente relacionado ao montanhismo, al\u00e9m de equipamentos de escalada que podem ser alugados pelos associados.<\/p>\n<p>As atividades organizadas pelo clube s\u00e3o gratuitas para os associados e custam R$25,00 para os n\u00e3o s\u00f3cios. Alguns cursos, entretanto, tem um custo diferenciado. Para associar-se, basta efetuar o pagamento de R$75,00 referentes \u00e0 inscri\u00e7\u00e3o, j\u00f3ia e primeira mensalidade. A mensalidade tem um custo de R$25,00.<\/p>\n<p>Todas as excurs\u00f5es s\u00e3o realizadas por guias qualificados, treinados com t\u00e9cnicas de resgate, primeiros-socorros e orienta\u00e7\u00e3o. Entretanto, para que voc\u00ea possa participar das escaladas \u00e9 necess\u00e1rio que tenha feito o Curso B\u00e1sico de Montanhismo, aonde aprender\u00e1 as principais t\u00e9cnicas de escalada e de seguran\u00e7a.<br \/>\nO Montanhismo:<\/p>\n<p>O termo alpinismo foi utilizado para designar o esporte surgido nos Alpes, que consistia em atingir o cume das mais altas montanha. Com o desenvolvimento do esporte e sua difus\u00e3o atrav\u00e9s do planeta, passou-se a utilizar o termo montanhismo para nomear o esporte de quem ascende montanhas.<\/p>\n<p>Al\u00e9m do nome mais apropriado, o desenvolvimento causou a especializa\u00e7\u00e3o do esporte, tanto no que diz respeito \u00e0s t\u00e9cnicas a serem utilizadas, como com rela\u00e7\u00e3o ao equipamento necess\u00e1rio. Tal desenvolvimento resultou na ascens\u00e3o de montanhas cada vez mais altas (at\u00e9 o \u00e1pice, Everest 195?), como em subir as mesmas montanhas por lugares cada vez mais dif\u00edceis, depois com o menor aux\u00edlio, a menor prote\u00e7\u00e3o&#8230;<\/p>\n<p>Assim foram criados equipamentos e t\u00e9cnicas espec\u00edficos de acordo com as dificuldades criadas pela pr\u00f3pria natureza. Por exemplo, a escalada do monte Everest a 8848m por sua face su-sudoeste requer t\u00e9cnicas e equipamentos diferentes de uma escalada numa cascata de gelo em algumas montanhas nos Andes.<\/p>\n<p>Desta forma, podemos falar em montanhismo de alta montanha, no qual se desafiam as mais altas montanhas do planeta; na escalada no gelo, que consiste em escalar paredes e cascatas de gelo; na escalada em rocha, em que se escalam pared\u00f5es rochosos e o trecking, que envolve caminhadas em montanhas travessias e circuitos.<br \/>\nNo Brasil, a escalada em rocha e o trecking s\u00e3o as vertentes mais desenvolvidas devido a nossa natureza geogr\u00e1fica, mas nada impede uma aventura em alta montanha nos Andes ou no Himalaia.<\/p>\n<p>De qualquer forma, o montanhismo \u00e9 um esporte \u00fanico, seja por proporcionar contato direto com a natureza, seja pelo desafio constante de ultrapassar nossos pr\u00f3prios limites. \u00c9 como se abrissem as cortinas de um espet\u00e1culo fant\u00e1stico e esplendoroso, que nos leva a uma viagem por lugares que s\u00f3 ach\u00e1vamos poss\u00edveis em fotografias ou filmes.<\/p>\n","protected":false},"excerpt":{"rendered":"<p>O Guanabara O Centro Excursionista Guanabara \u00e9 uma associa\u00e7\u00e3o civil sem fins lucrativos, que visa o desenvolvimento humano e o aprimoramento da consci\u00eancia ecol\u00f3gica atrav\u00e9s do contato com a natureza e pela pr\u00e1tica do montanhismo. Toda quinta-feira re\u00fanem-se advogados, contadores, engenheiros, estudantes, professores, fot\u00f3grafos e mais um sem n\u00famero de pessoas com o objetivo de <a class=\"more-link\" href=\"https:\/\/guanabara.org.br\/index.php\/ceg-2\/\">Read More &#8230;<\/a><\/p>\n","protected":false},"author":1,"featured_media":2003,"parent":0,"menu_order":0,"comment_status":"open","ping_status":"open","template":"","meta":{"footnotes":""},"class_list":["post-2","page","type-page","status-publish","has-post-thumbnail","hentry"],"_links":{"self":[{"href":"https:\/\/guanabara.org.br\/index.php\/wp-json\/wp\/v2\/pages\/2","targetHints":{"allow":["GET"]}}],"collection":[{"href":"https:\/\/guanabara.org.br\/index.php\/wp-json\/wp\/v2\/pages"}],"about":[{"href":"https:\/\/guanabara.org.br\/index.php\/wp-json\/wp\/v2\/types\/page"}],"author":[{"embeddable":true,"href":"https:\/\/guanabara.org.br\/index.php\/wp-json\/wp\/v2\/users\/1"}],"replies":[{"embeddable":true,"href":"https:\/\/guanabara.org.br\/index.php\/wp-json\/wp\/v2\/comments?post=2"}],"version-history":[{"count":11,"href":"https:\/\/guanabara.org.br\/index.php\/wp-json\/wp\/v2\/pages\/2\/revisions"}],"predecessor-version":[{"id":2436,"href":"https:\/\/guanabara.org.br\/index.php\/wp-json\/wp\/v2\/pages\/2\/revisions\/2436"}],"wp:featuredmedia":[{"embeddable":true,"href":"https:\/\/guanabara.org.br\/index.php\/wp-json\/wp\/v2\/media\/2003"}],"wp:attachment":[{"href":"https:\/\/guanabara.org.br\/index.php\/wp-json\/wp\/v2\/media?parent=2"}],"curies":[{"name":"wp","href":"https:\/\/api.w.org\/{rel}","templated":true}]}}