{"id":2119,"date":"2019-07-31T11:43:52","date_gmt":"2019-07-31T14:43:52","guid":{"rendered":"http:\/\/guanabara.org.br\/?page_id=2119"},"modified":"2019-07-31T12:00:05","modified_gmt":"2019-07-31T15:00:05","slug":"links-uteis","status":"publish","type":"page","link":"https:\/\/guanabara.org.br\/index.php\/links-uteis\/","title":{"rendered":"Links \u00dateis"},"content":{"rendered":"\n<h3 class=\"wp-block-heading\">Federa\u00e7\u00f5es e Confedera\u00e7\u00f5es<\/h3>\n\n\n\n<ul class=\"wp-block-list\"><li><a rel=\"noreferrer noopener\" aria-label=\" (abre numa nova aba)\" href=\"http:\/\/www.cbme.org.br\/\" target=\"_blank\">Confedera\u00e7\u00e3o Brasileira de Montanhismo e Escalada (CBME)<\/a><\/li><li> <a rel=\"noreferrer noopener\" href=\"http:\/\/www.femerj.org\/\" target=\"_blank\">Federa\u00e7\u00e3o de Esportes de Montanha do Estado do Rio de Janerio (FEMERJ)<\/a> <\/li><li><a rel=\"noreferrer noopener\" href=\"http:\/\/www.femesp.org\/\" target=\"_blank\">Federa\u00e7\u00e3o de Montanhismo do Estado de S\u00e3o Paulo (FEMESP)<\/a><\/li><\/ul>\n\n\n\n<h3 class=\"wp-block-heading\">Clubes<\/h3>\n\n\n\n<ul class=\"wp-block-list\"><li><a rel=\"noreferrer noopener\" href=\"http:\/\/www.carioca.org.br\/\" target=\"_blank\">Clube Excursionista Carioca (CEC)<\/a><\/li><li><a rel=\"noreferrer noopener\" href=\"http:\/\/www.ceb.org.br\/\" target=\"_blank\">Centro Excursionista Brasileiro (CEB)<\/a><\/li><li><a rel=\"noreferrer noopener\" href=\"http:\/\/www.celight.org.br\/\" target=\"_blank\">Clube Excursionista Light (CEL)<\/a><\/li><li><a rel=\"noreferrer noopener\" href=\"http:\/\/www.cerj.org.br\/\" target=\"_blank\">Centro Excursionista Rio de Janeiro (CERJ)<\/a><\/li><li><a rel=\"noreferrer noopener\" href=\"http:\/\/www.aguiperj.org.br\/\" target=\"_blank\">Associa\u00e7\u00e3o de Guias, Instrutores e Profissionais de Escalada do Estado do Rio de Janeiro (AGUIPERJ)<\/a><\/li><li><a rel=\"noreferrer noopener\" href=\"http:\/\/www.sitedocem.org.br\/\" target=\"_blank\">Centro Excursionista Mineiro (CEM)<\/a><\/li><li><a href=\"http:\/\/www.petropolitano.org.br\">Centro Excursionista Petropolitano (CEP)<\/a><\/li><\/ul>\n\n\n\n<h3 class=\"wp-block-heading\">Entidades Internacionais<\/h3>\n\n\n\n<ul class=\"wp-block-list\"><li><a href=\"https:\/\/www.theuiaa.org\/\">Union Internationale des Associations d\u2019Alpinisme (UIAA)<\/a><\/li><\/ul>\n\n\n\n<h3 class=\"wp-block-heading\">Informativos e Revistas<\/h3>\n\n\n\n<ul class=\"wp-block-list\"><li><a rel=\"noreferrer noopener\" href=\"http:\/\/www.mountainvoices.com.br\/\" target=\"_blank\">Mountain Voices<\/a><\/li><li><a rel=\"noreferrer noopener\" href=\"http:\/\/www.rockandice.com\/\" target=\"_blank\">Rock and Ice<\/a><\/li><li><a rel=\"noreferrer noopener\" href=\"http:\/\/www.climbing.com\/\" target=\"_blank\">Climbing<\/a><\/li><\/ul>\n\n\n\n<h3 class=\"wp-block-heading\">Diversos<\/h3>\n\n\n\n<ul class=\"wp-block-list\"><li><a rel=\"noreferrer noopener\" href=\"http:\/\/www.ibama.gov.br\/\" target=\"_blank\">IBAMA<\/a><\/li><li><a href=\"http:\/\/parnaso.tur.br\/\">PARNASO<\/a><\/li><\/ul>\n","protected":false},"excerpt":{"rendered":"<p>Federa\u00e7\u00f5es e Confedera\u00e7\u00f5es Confedera\u00e7\u00e3o Brasileira de Montanhismo e Escalada (CBME) Federa\u00e7\u00e3o de Esportes de Montanha do Estado do Rio de Janerio (FEMERJ) Federa\u00e7\u00e3o de Montanhismo do Estado de S\u00e3o Paulo (FEMESP) Clubes Clube Excursionista Carioca (CEC) Centro Excursionista Brasileiro (CEB) Clube Excursionista Light (CEL) Centro Excursionista Rio de Janeiro (CERJ) Associa\u00e7\u00e3o de Guias, Instrutores e <a class=\"more-link\" href=\"https:\/\/guanabara.org.br\/index.php\/links-uteis\/\">Read More &#8230;<\/a><\/p>\n","protected":false},"author":11,"featured_media":0,"parent":0,"menu_order":0,"comment_status":"closed","ping_status":"closed","template":"","meta":{"footnotes":""},"class_list":["post-2119","page","type-page","status-publish","hentry"],"_links":{"self":[{"href":"https:\/\/guanabara.org.br\/index.php\/wp-json\/wp\/v2\/pages\/2119","targetHints":{"allow":["GET"]}}],"collection":[{"href":"https:\/\/guanabara.org.br\/index.php\/wp-json\/wp\/v2\/pages"}],"about":[{"href":"https:\/\/guanabara.org.br\/index.php\/wp-json\/wp\/v2\/types\/page"}],"author":[{"embeddable":true,"href":"https:\/\/guanabara.org.br\/index.php\/wp-json\/wp\/v2\/users\/11"}],"replies":[{"embeddable":true,"href":"https:\/\/guanabara.org.br\/index.php\/wp-json\/wp\/v2\/comments?post=2119"}],"version-history":[{"count":3,"href":"https:\/\/guanabara.org.br\/index.php\/wp-json\/wp\/v2\/pages\/2119\/revisions"}],"predecessor-version":[{"id":2123,"href":"https:\/\/guanabara.org.br\/index.php\/wp-json\/wp\/v2\/pages\/2119\/revisions\/2123"}],"wp:attachment":[{"href":"https:\/\/guanabara.org.br\/index.php\/wp-json\/wp\/v2\/media?parent=2119"}],"curies":[{"name":"wp","href":"https:\/\/api.w.org\/{rel}","templated":true}]}}