{"id":672,"date":"2012-12-19T09:36:09","date_gmt":"2012-12-19T09:36:09","guid":{"rendered":"http:\/\/guanabara.org.br\/?page_id=672"},"modified":"2021-08-13T12:04:59","modified_gmt":"2021-08-13T15:04:59","slug":"curso-basico-de-montanhismo","status":"publish","type":"page","link":"https:\/\/guanabara.org.br\/index.php\/cursos\/curso-basico-de-montanhismo\/","title":{"rendered":"Curso B\u00e1sico de Montanhismo"},"content":{"rendered":"<p>&nbsp;<\/p>\n<p>&nbsp;<\/p>\n<p><center><a href=\"http:\/\/guanabara.org.br\/wp-content\/uploads\/2019\/01\/CBM-1.jpg\"><img loading=\"lazy\" decoding=\"async\" class=\"alignnone size-medium wp-image-1557\" src=\"http:\/\/guanabara.org.br\/wp-content\/uploads\/2019\/01\/CBM-1-240x300.jpg\" alt=\"\" width=\"240\" height=\"300\" srcset=\"https:\/\/guanabara.org.br\/wp-content\/uploads\/2019\/01\/CBM-1-240x300.jpg 240w, https:\/\/guanabara.org.br\/wp-content\/uploads\/2019\/01\/CBM-1-168x210.jpg 168w, https:\/\/guanabara.org.br\/wp-content\/uploads\/2019\/01\/CBM-1.jpg 480w\" sizes=\"auto, (max-width: 240px) 100vw, 240px\" \/>&nbsp;&nbsp;&nbsp;&nbsp;&nbsp;&nbsp;&nbsp;&nbsp;&nbsp;&nbsp;&nbsp;<\/a><a href=\"http:\/\/guanabara.org.br\/wp-content\/uploads\/2012\/12\/20121219-073646.jpg\"><img decoding=\"async\" class=\"alignnone size-full\" src=\"http:\/\/guanabara.org.br\/wp-content\/uploads\/2012\/12\/20121219-073646.jpg\" alt=\"20121219-073646.jpg\"\/><\/a><\/center><a href=\"http:\/\/guanabara.org.br\/index.php\/cursos\/curso-basico-de-montanhismo\/cbm-descricao-e-programacao\">Clique aqui para ver a programa\u00e7\u00e3o do curso para 2021.<\/a><\/p>\n<p>&nbsp;<\/p>\n<p>&nbsp;<\/p>\n<p>O Curso B\u00e1sico de Montanhismo \u00e9 a oportunidade perfeita para ingressar na pr\u00e1tica do montanhismo ou reciclar seus conhecimentos. S\u00e3o abordados os principais temas para a pr\u00e1tica segura e respons\u00e1vel do esporte, tais como:&nbsp;<br \/>\n&#8211; \u00c9tica e M\u00ednimo Impacto<br \/>\n&#8211; T\u00e9cnicas de Escalada<br \/>\n&#8211; Reflorestamento &#8211; Caminhada, Acampamento, Bivaque<br \/>\n&#8211; Animais Pe\u00e7onhentos<span class=\"text_exposed_show\"><br \/>\n&#8211; Preven\u00e7\u00e3o de Acidentes<br \/>\n&#8211; Orienta\u00e7\u00e3o e Mapas &#8211; Hist\u00f3ria do Montanhismo&nbsp;<br \/>\nAl\u00e9m, \u00e9 claro, de praticas como caminhadas e escaladas orientadas.<\/span><\/p>\n<div class=\"text_exposed_show\">\n<p>Vai perder? Ser\u00e3o poucas vagas!<\/p>\n<p>In\u00edcio em mar\u00e7o.<\/p>\n<p>Mande um email para ceguanabara@gmail.com para solicitar informa\u00e7\u00f5es, tirar d\u00favidas e fique ligado para mais informa\u00e7\u00f5es.<\/p>\n<\/div>\n","protected":false},"excerpt":{"rendered":"<p>&nbsp; &nbsp; &nbsp;&nbsp;&nbsp;&nbsp;&nbsp;&nbsp;&nbsp;&nbsp;&nbsp;&nbsp;&nbsp;Clique aqui para ver a programa\u00e7\u00e3o do curso para 2021. &nbsp; &nbsp; O Curso B\u00e1sico de Montanhismo \u00e9 a oportunidade perfeita para ingressar na pr\u00e1tica do montanhismo ou reciclar seus conhecimentos. S\u00e3o abordados os principais temas para a pr\u00e1tica segura e respons\u00e1vel do esporte, tais como:&nbsp; &#8211; \u00c9tica e M\u00ednimo Impacto &#8211; T\u00e9cnicas <a class=\"more-link\" href=\"https:\/\/guanabara.org.br\/index.php\/cursos\/curso-basico-de-montanhismo\/\">Read More &#8230;<\/a><\/p>\n","protected":false},"author":6,"featured_media":0,"parent":670,"menu_order":0,"comment_status":"closed","ping_status":"open","template":"","meta":{"footnotes":""},"class_list":["post-672","page","type-page","status-publish","hentry"],"_links":{"self":[{"href":"https:\/\/guanabara.org.br\/index.php\/wp-json\/wp\/v2\/pages\/672","targetHints":{"allow":["GET"]}}],"collection":[{"href":"https:\/\/guanabara.org.br\/index.php\/wp-json\/wp\/v2\/pages"}],"about":[{"href":"https:\/\/guanabara.org.br\/index.php\/wp-json\/wp\/v2\/types\/page"}],"author":[{"embeddable":true,"href":"https:\/\/guanabara.org.br\/index.php\/wp-json\/wp\/v2\/users\/6"}],"replies":[{"embeddable":true,"href":"https:\/\/guanabara.org.br\/index.php\/wp-json\/wp\/v2\/comments?post=672"}],"version-history":[{"count":25,"href":"https:\/\/guanabara.org.br\/index.php\/wp-json\/wp\/v2\/pages\/672\/revisions"}],"predecessor-version":[{"id":2548,"href":"https:\/\/guanabara.org.br\/index.php\/wp-json\/wp\/v2\/pages\/672\/revisions\/2548"}],"up":[{"embeddable":true,"href":"https:\/\/guanabara.org.br\/index.php\/wp-json\/wp\/v2\/pages\/670"}],"wp:attachment":[{"href":"https:\/\/guanabara.org.br\/index.php\/wp-json\/wp\/v2\/media?parent=672"}],"curies":[{"name":"wp","href":"https:\/\/api.w.org\/{rel}","templated":true}]}}