{"id":838,"date":"2013-01-18T10:54:02","date_gmt":"2013-01-18T13:54:02","guid":{"rendered":"http:\/\/guanabara.org.br\/?page_id=838"},"modified":"2020-02-17T18:51:19","modified_gmt":"2020-02-17T21:51:19","slug":"fevereiro","status":"publish","type":"page","link":"https:\/\/guanabara.org.br\/index.php\/fevereiro\/","title":{"rendered":"Fevereiro"},"content":{"rendered":"<p>01 &#8211; B\u00e1rbara Franz<br \/>\n13 &#8211; Marilene Clara Teixeira<br \/>\n18 &#8211; Vitor Cleber de Brito<br \/>\n22 &#8211; Andr\u00e9a Gina Varon<br \/>\n28 &#8211; Gabriel Colla\u00e7o<\/p>\n<p>&nbsp;<\/p>\n","protected":false},"excerpt":{"rendered":"<p>01 &#8211; B\u00e1rbara Franz 13 &#8211; Marilene Clara Teixeira 18 &#8211; Vitor Cleber de Brito 22 &#8211; Andr\u00e9a Gina Varon 28 &#8211; Gabriel Colla\u00e7o &nbsp;<\/p>\n","protected":false},"author":6,"featured_media":0,"parent":0,"menu_order":0,"comment_status":"closed","ping_status":"open","template":"","meta":{"footnotes":""},"class_list":["post-838","page","type-page","status-publish","hentry"],"_links":{"self":[{"href":"https:\/\/guanabara.org.br\/index.php\/wp-json\/wp\/v2\/pages\/838","targetHints":{"allow":["GET"]}}],"collection":[{"href":"https:\/\/guanabara.org.br\/index.php\/wp-json\/wp\/v2\/pages"}],"about":[{"href":"https:\/\/guanabara.org.br\/index.php\/wp-json\/wp\/v2\/types\/page"}],"author":[{"embeddable":true,"href":"https:\/\/guanabara.org.br\/index.php\/wp-json\/wp\/v2\/users\/6"}],"replies":[{"embeddable":true,"href":"https:\/\/guanabara.org.br\/index.php\/wp-json\/wp\/v2\/comments?post=838"}],"version-history":[{"count":9,"href":"https:\/\/guanabara.org.br\/index.php\/wp-json\/wp\/v2\/pages\/838\/revisions"}],"predecessor-version":[{"id":2437,"href":"https:\/\/guanabara.org.br\/index.php\/wp-json\/wp\/v2\/pages\/838\/revisions\/2437"}],"wp:attachment":[{"href":"https:\/\/guanabara.org.br\/index.php\/wp-json\/wp\/v2\/media?parent=838"}],"curies":[{"name":"wp","href":"https:\/\/api.w.org\/{rel}","templated":true}]}}